What is the remainder when m(3) is divided by 21?
20
Let a(w) = -w**3 + 6*w**2 + 3. Let f be a(6). Let m(b) = 8*b**2 - 2 + 1 - b**2 + 4*b - b**f. Calculate the remainder when m(7) is divided by 14.
13
Let q(o) = -6 - 3*o**2 + 0*o**2 + 1 - o**3. Calculate the remainder when 31 is divided by q(-4).
9
Let d = 63 + -43. What is the remainder when d is divided by 10?
0
Let h(m) = 9*m**2 + 5*m - 1. Let d be h(-4). Suppose 5*y + 48 - d = 0. Calculate the remainder when y + -3 + -1 + 1 is divided by 7.
5
Suppose -2*d + 5*l + 30 = 0, 4*d + 2*l + l = 86. Let t = 5 - 9. Let b = 7 - t. Calculate the remainder when d is divided by b.
9
Suppose 3*w = -0*w + 6. Suppose -5*q - 3*i = i - 51, -1 = q - w*i. What is the remainder when 34 is divided by ((-3)/(-2))/(q/84)?
16
Let m be 4 + 6 + -1*4. What is the remainder when (-2)/m - 214/(-3) is divided by 18?
17
Suppose 0*a - 5*a - 5 = 0. Let x(n) = -6*n**3 + n**2 - 1. Calculate the remainder when 3/(-5) - (-83)/5 is divided by x(a).
4
Let a = 4 + 21. Calculate the remainder when a is divided by 15.
10
Let j = -6 - -5. Let y be (3/(-3) - 2)*j. Suppose -136 = -y*c - c. Calculate the remainder when c is divided by 12.
10
Suppose -f = -0*f - 15. Suppose -9 = -3*s + z, -4*s + 0 = -2*z - 14. What is the remainder when (-26)/(1 - s) - -2 is divided by f?
13
Calculate the remainder when 101 is divided by 236/7 + (-2)/(-7).
33
Suppose 3*i - 3*u + 3 = -0*i, -3*i - 2*u + 17 = 0. What is the remainder when 15 is divided by i?
0
Suppose 5*i + 5*x - 44 = 4*i, 5*i + 4*x = 178. Let k(w) = 2*w + 3. What is the remainder when i is divided by k(3)?
7
Let v(c) = 4*c**2 - 2*c + 5. What is the remainder when v(3) is divided by 18?
17
Suppose i = -f + 1 - 2, -3*f + i = 15. Let z = -2 - f. Suppose v - 4*v - 2*t + 33 = 0, 5*v = z*t + 55. What is the remainder when 32 is divided by v?
10
Let b(n) = n - 1. Let u be b(3). Let y(v) = -u*v - 3 + 11 + 3*v + 4*v. What is the remainder when y(9) is divided by 18?
17
Let p = 14 - -3. Calculate the remainder when p is divided by 10.
7
Let h = 10 - 2. Suppose -3*v + 54 = -165. Suppose -5*y + 105 = -n, -4*y + 3*n = -0*y - v. Calculate the remainder when y is divided by h.
6
Let d = 17 - -97. What is the remainder when d is divided by 29?
27
Let d(z) = -z - 2. Let i be d(-2). Suppose i = 5*a - 0*a. Let s(o) = -o + 10. Calculate the remainder when s(a) is divided by 6.
4
Suppose w - 5*k - 74 = -19, -2*k - 4 = 0. Calculate the remainder when 269 is divided by w.
44
Let o(x) = x**2 + 5*x - 12. Suppose -t + 0*t = 2. Let f(j) = 5*j + 1. Let b be f(t). What is the remainder when o(b) is divided by 9?
6
Suppose 3 - 207 = -5*r + 4*l, 2*r - 72 = 4*l. Calculate the remainder when 175 is divided by r.
43
Suppose k - 26 = r, 2*k + 0*k - r = 57. Suppose -12 + k = y. Let j(h) = 2*h**3 - 6*h**2 + h. Calculate the remainder when j(4) is divided by y.
17
Let f be 35/2*16/20. Let u = f - 2. Let l(y) = y**2 - 10*y - 17. Calculate the remainder when 12 is divided by l(u).
5
Let n(u) = 2*u**3 - 3*u**2 - 2*u - 5. Calculate the remainder when n(3) is divided by 7.
2
Let h(z) = -z - 2. Let m(i) = i + 1. Let w(j) = -h(j) - 4*m(j). Suppose 5*g + f = 5, g - 2*f = -0*f + 12. What is the remainder when g is divided by w(-1)?
0
Let b be ((-4)/3)/(4/6). Calculate the remainder when 16 + (-6)/(-2) + b is divided by 6.
5
Suppose 4*d = 4*n - 32, -3*n + d + 11 = -n. Suppose n*c - 15 = -0*c. What is the remainder when 9 is divided by c?
4
Let z be (10/((-4)/2))/1. Let h(l) = -l**2 - 5*l + 2. Let f be h(z). Calculate the remainder when 28 is divided by 8*f + 6/(-6).
13
Let j(v) = v**3 + 16*v**2 - v - 1. What is the remainder when j(-16) is divided by 9?
6
Let c = -125 - -237. Suppose 0 = -4*w - n + 212, -w - 2*n = w - c. What is the remainder when w is divided by 18?
16
Let c(g) = -g**3 + 10*g**2 - 9*g + 7. Suppose 5*m = f - 2*f + 98, 2*f + 4 = 0. Suppose -z + 2*z - m = 0. Calculate the remainder when z is divided by c(9).
6
Let r = 22 + -18. Let n be ((-1)/(-2))/((-2)/(-20)). Suppose n*p = r*p + 23. What is the remainder when p is divided by 8?
7
Suppose 6*o - o = -5*m + 10, -3*m + 2 = 2*o. Let r be (-10)/(-2)*o/5. What is the remainder when 261/15 + r/(-10) is divided by 9?
8
Suppose -5*x - 5*j = -65, -4*x - 5*j + 9*j = -68. What is the remainder when 29 is divided by x?
14
Let q = -10 - -26. What is the remainder when q is divided by 4?
0
Suppose -2*i + d = -120, -3*i - 5*d + 162 = -2*d. Suppose y + 2*o - 20 = -0*y, 0 = 4*o. Calculate the remainder when i is divided by y.
18
Suppose 2*j = -y - 2*y + 3, -2*y + 7 = 3*j. What is the remainder when 9 is divided by j?
0
Calculate the remainder when -1*2 - (11 - 120) is divided by 11.
8
What is the remainder when 3 + (-4 - -63) + 5 is divided by 19?
10
Let o = 13 + 10. What is the remainder when 74 is divided by (2 - 0/(-2)) + o?
24
Let r(j) = -j. Let d(x) = x**3 - 10*x**2 + 7*x + 12. Let h be d(9). What is the remainder when (-26)/3*9/h is divided by r(-5)?
3
What is the remainder when (62/(-6))/((-4)/72) is divided by 27?
24
Suppose 2*w - 47 = 3*q, 4*q + 152 = 4*w + 60. Calculate the remainder when w is divided by 1 - 2*10/(-4).
4
Let g = 13 + -9. Suppose -r + g*r = 42. Calculate the remainder when 40 is divided by r.
12
Let w = -4 + 13. Calculate the remainder when w is divided by 2.
1
Suppose -4*x + 256 = 4*z, 0*z = -3*z + 4*x + 178. Calculate the remainder when z is divided by 13.
10
Suppose -x + 2*x = 10. Suppose -2*a + 3*o + 24 = -4*a, 4*o = 3*a + 19. Calculate the remainder when (-1 - 2)*57/a is divided by x.
9
Let a = 4 - 2. Suppose 0 = -3*q, -3*p - 2*q = 8 - 29. Calculate the remainder when p is divided by a.
1
Suppose 0 = -5*w + 10, 3*n - 5*w = -2*w + 348. Calculate the remainder when n is divided by 12.
10
Let f(q) be the first derivative of 5*q**2 - 2*q - 2. Calculate the remainder when 34 is divided by f(2).
16
Calculate the remainder when (3 - 3 - -4) + 3 is divided by 4.
3
Suppose -7*k - 21 = -10*k. Calculate the remainder when (-1)/(-1) - -25 - -1 is divided by (k/(14/(-30)))/(-1).
12
Let n(d) = -d**3 - 8*d**2 + 6. Suppose 3*f = 2*a - 12, 4*a - 8 - 2 = -f. Suppose g = -5 - a. What is the remainder when 17 is divided by n(g)?
5
Suppose 3*j + 93 = 2*k - 2*j, k - 30 = -3*j. What is the remainder when k is divided by 14?
11
Suppose -2*k = -4*z + 10, 4*z - 3*k - 9 = -0*z. Suppose z*w - 58 - 152 = 0. Calculate the remainder when w is divided by 18.
16
Suppose 0 = 4*q, -q - 4 = -2*k + 3*q. Suppose -x = k*x - h - 99, 5*x + h = 173. What is the remainder when x is divided by 12?
10
Let n(l) = -l + 21. What is the remainder when 4 is divided by n(17)?
0
Let q = 45 - 26. Suppose c + 4 = 0, -5*m - 3*c - c = -39. What is the remainder when q is divided by m?
8
Let m(u) = -20*u - 8. What is the remainder when 63 is divided by m(-2)?
31
Let u(w) be the third derivative of w**6/120 - w**5/20 + w**4/12 - 2*w**3/3 + 5*w**2. Let i(c) = 4*c**2 - 1. What is the remainder when i(1) is divided by u(3)?
1
Let m be (-177)/((-22)/8 - -2). Let w = m + -164. Calculate the remainder when w is divided by 15.
12
Suppose 4*o - 2*o = -44. Calculate the remainder when 5 is divided by (-6)/33 - 48/o.
1
Let z(t) = -t**3 + 9*t**2 + 10*t + 4. What is the remainder when 11 is divided by z(10)?
3
Let j(d) = 3*d - 1. Let f(s) = s**3 - 9*s**2 + 8*s + 6. Let v be f(8). Calculate the remainder when j(v) is divided by (-5 - -3) + (0 - -8).
5
Suppose 198 + 51 = 3*f - 4*h, 0 = -2*h + 6. What is the remainder when f/2 + (-1)/(-2) is divided by (1 - -29)*(-1)/(-2)?
14
Let b = 339 + -212. What is the remainder when b is divided by 26?
23
Suppose -4*w - 11*d + 15 = -8*d, d + 14 = 5*w. Calculate the remainder when 5 is divided by w.
2
Let j be (-4)/(-18) + (-357)/27. Let b = j + 35. What is the remainder when b is divided by 12?
10
Let u(c) = c + 3. Suppose 0 = 5*s - 37 - 38. Calculate the remainder when s is divided by u(5).
7
Let q be (-2 - -4 - -2) + -2. Suppose 0 = -4*n + u + 23, -q*n + 2*u + u + 19 = 0. Let v = -1 + 15. What is the remainder when v is divided by n?
4
Calculate the remainder when 38 is divided by -3 + (3 - 0) + 10.
8
Let v(u) = 12*u - 10. Calculate the remainder when v(5) is divided by 17.
16
Calculate the remainder when 19 is divided by (-62)/(-6) + -3 - (-1)/(-3).
5
Suppose -2*i + 1 = 7, 0 = 2*y 